{"id":1484,"date":"2012-03-27T10:16:16","date_gmt":"2012-03-27T10:16:16","guid":{"rendered":"http:\/\/s.cuforum.pl\/?page_id=1484"},"modified":"2012-03-27T10:41:49","modified_gmt":"2012-03-27T10:41:49","slug":"2010-2-2","status":"publish","type":"page","link":"https:\/\/s.cuforum.pl\/?page_id=1484","title":{"rendered":"2010"},"content":{"rendered":"<p><strong>Naj\u00adwa\u017c\u00adniej\u00adsze pro\u00adjekty \u00a0zre\u00adali\u00adzo\u00adwane w roku\u00a02010:<\/strong><\/p>\n<p>&nbsp;<\/p>\n<ul>\n<li><strong>SKOCZNE\u00a0\u00a0<\/strong>\u00a0pro\u00adjekt gen\u00adde\u00adrowy, wystawa w gale\u00adrii Mpik\u00a0 (marzec 2010),<\/li>\n<li><strong>\u00a0MOJA\u00a0CERAMIKA\u00a0I\u00a0ORIENT\u00a0<\/strong>\u00a0wystawa cera\u00admiki Alek\u00adsan\u00addry Kwo\u00adlek, Biblio\u00adteka G\u0142\u00f3wna Poli\u00adtech\u00adniki \u015al\u0105skiej (kwie\u00adcie\u0144\u00a02010),<\/li>\n<li><strong>CERAMICZE\u00a0KLIMATY\u00a0MUZYCZNE\u00a0<\/strong>\u00a0 \u00a0 impreza zre\u00adali\u00adzo\u00adwana ze \u015brod\u00adk\u00f3w mia\u00adsta Gli\u00adwice (maj 2010),<strong>trze\u00adcia edy\u00adcja<\/strong>,<\/li>\n<li>\u00a0<strong>PIESZCZANY,\u00a0TARGI\u00a0RZEMIOS\u0141<\/strong>\u00a0 \u00a0pre\u00adzen\u00adta\u00adcja tech\u00adniki wypa\u0142u cera\u00admiki\u00a0RAKU(maj\u00a02010),<\/li>\n<li>\u00a0<strong>NOCART\u00a0<\/strong>\u00a0 \u00a0noc w gale\u00adriach i pra\u00adcow\u00adniach gli\u00adwic\u00adkich arty\u00adst\u00f3w (maj 2010),\u00a0<strong>trze\u00adcia edycja,<\/strong><\/li>\n<li><strong>CERAMICZNE\u00a0INSPIRACJE<\/strong>\u00a0 \u00a0pro\u00adjekt zakwa\u00adli\u00adfi\u00adko\u00adwany na list\u0119 rezer\u00adwow\u0105 pro\u00adgramuGRUNDVIG, czeka na reali\u00adza\u00adcj\u0119 (czer\u00adwiec\u00a02010),<\/li>\n<li><strong>\u00a0RAKU\u00a0PARTY<\/strong>\u00a0 \u00a0ple\u00adne\u00adrowe warsz\u00adtaty cera\u00admiczne\u00a0RAKU\u00a0(lipiec 2010),\u00a0<strong>osiem lat,<\/strong><\/li>\n<li>\u00a0<strong>MEETING\u00a0POINT<\/strong>\u00a0 \u00a0pro\u00adjekt w ramach pro\u00adgramu M\u0142o\u00addzie\u017c w dzia\u00ad\u0142a\u00adniu (sier\u00adpie\u0144\u00a02010),<\/li>\n<li>\u00a0<strong>\u015aW\u00a0MICHA\u0141\u00a0PATRON\u00a0CERAMIK\u00d3W<\/strong>\u00a0? cera\u00admiczny hap\u00adpe\u00adning arty\u00adstyczny (wrze\u00adsie\u0144 2010),\u00a0<strong>\u00f3sma edy\u00adcja,<\/strong><\/li>\n<li><strong>URODZINY\u00a0PRACOWNI<\/strong>\u00a0 \u00a0warsz\u00adtaty cera\u00admiczne (pa\u017a\u00addzier\u00adnik 2010),\u00a0<strong>dwa\u00addzie\u00ad\u015bcia jeden lat<\/strong>,<\/li>\n<li><strong>CuG \u00a0&#8211; Gale\u00adria gara\u00ad\u017cowa<\/strong>\u00a0 \u00a0otwar\u00adcie gale\u00adrii arty\u00adstycz\u00adnej (gru\u00addzie\u0144\u00a02010),<\/li>\n<li><strong>ZAKAZ\u00a0PARKOWANIA<\/strong>\u00a0 \u00a0wer\u00adni\u00adsa\u017c wystawy arty\u00adst\u00f3w zaprzy\u00adja\u017a\u00adnio\u00adnych i wsp\u00f3\u0142pracuj\u0105cych,<\/li>\n<li><strong>DRZEWO\u00a0MARZE\u0143\u00a0<\/strong>\u00a0 \u00a0pro\u00adjekt reali\u00adza\u00adcji cera\u00admicz\u00adnego drzewa w ramach wystawy 365 dni Cecy\u00adlii Malik wraz ze sto\u00adwa\u00adrzy\u00adsze\u00adniem Fami\u00adlia, (gru\u00addzie\u0144\u00a02010),<\/li>\n<\/ul>\n<p><a href=\"http:\/\/www.cuforum.pl\/\"><strong>www.cuforum.pl<\/strong><\/a>\u00a0 \u00a0inter\u00adne\u00adtowy por\u00adtal o tema\u00adtyce cera\u00admicz\u00adnej (2010),\u00a0<strong>sie\u00addem lat dzia\u0142ania<\/strong><\/p>\n","protected":false},"excerpt":{"rendered":"<p>Naj\u00adwa\u017c\u00adniej\u00adsze pro\u00adjekty \u00a0zre\u00adali\u00adzo\u00adwane w roku\u00a02010: &nbsp; SKOCZNE\u00a0\u00a0\u00a0pro\u00adjekt gen\u00adde\u00adrowy, wystawa w gale\u00adrii Mpik\u00a0 (marzec 2010), \u00a0MOJA\u00a0CERAMIKA\u00a0I\u00a0ORIENT\u00a0\u00a0wystawa cera\u00admiki Alek\u00adsan\u00addry Kwo\u00adlek, Biblio\u00adteka G\u0142\u00f3wna Poli\u00adtech\u00adniki \u015al\u0105skiej (kwie\u00adcie\u0144\u00a02010), CERAMICZE\u00a0KLIMATY\u00a0MUZYCZNE\u00a0\u00a0 \u00a0 impreza zre\u00adali\u00adzo\u00adwana ze \u015brod\u00adk\u00f3w mia\u00adsta Gli\u00adwice (maj 2010),trze\u00adcia edy\u00adcja, \u00a0PIESZCZANY,\u00a0TARGI\u00a0RZEMIOS\u0141\u00a0 \u00a0pre\u00adzen\u00adta\u00adcja tech\u00adniki wypa\u0142u cera\u00admiki\u00a0RAKU(maj\u00a02010), \u00a0NOCART\u00a0\u00a0 \u00a0noc w gale\u00adriach i pra\u00adcow\u00adniach gli\u00adwic\u00adkich arty\u00adst\u00f3w (maj 2010),\u00a0trze\u00adcia edycja, CERAMICZNE\u00a0INSPIRACJE\u00a0 \u00a0pro\u00adjekt zakwa\u00adli\u00adfi\u00adko\u00adwany na list\u0119&#8230;<\/p>\n","protected":false},"author":1,"featured_media":0,"parent":33,"menu_order":0,"comment_status":"open","ping_status":"open","template":"","meta":{"_uag_custom_page_level_css":"","_kadence_starter_templates_imported_post":false,"_kad_post_transparent":"","_kad_post_title":"","_kad_post_layout":"","_kad_post_sidebar_id":"","_kad_post_content_style":"","_kad_post_vertical_padding":"","_kad_post_feature":"","_kad_post_feature_position":"","_kad_post_header":false,"_kad_post_footer":false,"_kad_post_classname":"","footnotes":""},"class_list":["post-1484","page","type-page","status-publish","hentry"],"uagb_featured_image_src":{"full":false,"thumbnail":false,"medium":false,"medium_large":false,"large":false,"1536x1536":false,"2048x2048":false},"uagb_author_info":{"display_name":"zkm","author_link":"https:\/\/s.cuforum.pl\/?author=1"},"uagb_comment_info":0,"uagb_excerpt":"Naj\u00adwa\u017c\u00adniej\u00adsze pro\u00adjekty \u00a0zre\u00adali\u00adzo\u00adwane w roku\u00a02010: &nbsp; SKOCZNE\u00a0\u00a0\u00a0pro\u00adjekt gen\u00adde\u00adrowy, wystawa w gale\u00adrii Mpik\u00a0 (marzec 2010), \u00a0MOJA\u00a0CERAMIKA\u00a0I\u00a0ORIENT\u00a0\u00a0wystawa cera\u00admiki Alek\u00adsan\u00addry Kwo\u00adlek, Biblio\u00adteka G\u0142\u00f3wna Poli\u00adtech\u00adniki \u015al\u0105skiej (kwie\u00adcie\u0144\u00a02010), CERAMICZE\u00a0KLIMATY\u00a0MUZYCZNE\u00a0\u00a0 \u00a0 impreza zre\u00adali\u00adzo\u00adwana ze \u015brod\u00adk\u00f3w mia\u00adsta Gli\u00adwice (maj 2010),trze\u00adcia edy\u00adcja, \u00a0PIESZCZANY,\u00a0TARGI\u00a0RZEMIOS\u0141\u00a0 \u00a0pre\u00adzen\u00adta\u00adcja tech\u00adniki wypa\u0142u cera\u00admiki\u00a0RAKU(maj\u00a02010), \u00a0NOCART\u00a0\u00a0 \u00a0noc w gale\u00adriach i pra\u00adcow\u00adniach gli\u00adwic\u00adkich arty\u00adst\u00f3w (maj 2010),\u00a0trze\u00adcia edycja, CERAMICZNE\u00a0INSPIRACJE\u00a0 \u00a0pro\u00adjekt zakwa\u00adli\u00adfi\u00adko\u00adwany na list\u0119...","_links":{"self":[{"href":"https:\/\/s.cuforum.pl\/index.php?rest_route=\/wp\/v2\/pages\/1484","targetHints":{"allow":["GET"]}}],"collection":[{"href":"https:\/\/s.cuforum.pl\/index.php?rest_route=\/wp\/v2\/pages"}],"about":[{"href":"https:\/\/s.cuforum.pl\/index.php?rest_route=\/wp\/v2\/types\/page"}],"author":[{"embeddable":true,"href":"https:\/\/s.cuforum.pl\/index.php?rest_route=\/wp\/v2\/users\/1"}],"replies":[{"embeddable":true,"href":"https:\/\/s.cuforum.pl\/index.php?rest_route=%2Fwp%2Fv2%2Fcomments&post=1484"}],"version-history":[{"count":6,"href":"https:\/\/s.cuforum.pl\/index.php?rest_route=\/wp\/v2\/pages\/1484\/revisions"}],"predecessor-version":[{"id":1491,"href":"https:\/\/s.cuforum.pl\/index.php?rest_route=\/wp\/v2\/pages\/1484\/revisions\/1491"}],"up":[{"embeddable":true,"href":"https:\/\/s.cuforum.pl\/index.php?rest_route=\/wp\/v2\/pages\/33"}],"wp:attachment":[{"href":"https:\/\/s.cuforum.pl\/index.php?rest_route=%2Fwp%2Fv2%2Fmedia&parent=1484"}],"curies":[{"name":"wp","href":"https:\/\/api.w.org\/{rel}","templated":true}]}}

<p><strong>Naj­waż­niej­sze pro­jekty  zre­ali­zo­wane w roku 2010:</strong></p>
<p>&nbsp;</p>
<ul>
<li><strong>SKOCZNE  </strong> pro­jekt gen­de­rowy, wystawa w gale­rii Mpik  (marzec 2010),</li>
<li><strong> MOJA CERAMIKA I ORIENT </strong> wystawa cera­miki Alek­san­dry Kwo­lek, Biblio­teka Główna Poli­tech­niki Śląskiej (kwie­cień 2010),</li>
<li><strong>CERAMICZE KLIMATY MUZYCZNE </strong>    impreza zre­ali­zo­wana ze środ­ków mia­sta Gli­wice (maj 2010),<strong>trze­cia edy­cja</strong>,</li>
<li> <strong>PIESZCZANY, TARGI RZEMIOSŁ</strong>   pre­zen­ta­cja tech­niki wypału cera­miki RAKU(maj 2010),</li>
<li> <strong>NOCART </strong>   noc w gale­riach i pra­cow­niach gli­wic­kich arty­stów (maj 2010), <strong>trze­cia edycja,</strong></li>
<li><strong>CERAMICZNE INSPIRACJE</strong>   pro­jekt zakwa­li­fi­ko­wany na listę rezer­wową pro­gramuGRUNDVIG, czeka na reali­za­cję (czer­wiec 2010),</li>
<li><strong> RAKU PARTY</strong>   ple­ne­rowe warsz­taty cera­miczne RAKU (lipiec 2010), <strong>osiem lat,</strong></li>
<li> <strong>MEETING POINT</strong>   pro­jekt w ramach pro­gramu Mło­dzież w dzia­ła­niu (sier­pień 2010),</li>
<li> <strong>ŚW MICHAŁ PATRON CERAMIKÓW</strong> ? cera­miczny hap­pe­ning arty­styczny (wrze­sień 2010), <strong>ósma edy­cja,</strong></li>
<li><strong>URODZINY PRACOWNI</strong>   warsz­taty cera­miczne (paź­dzier­nik 2010), <strong>dwa­dzie­ścia jeden lat</strong>,</li>
<li><strong>CuG  &#8211; Gale­ria gara­żowa</strong>   otwar­cie gale­rii arty­stycz­nej (gru­dzień 2010),</li>
<li><strong>ZAKAZ PARKOWANIA</strong>   wer­ni­saż wystawy arty­stów zaprzy­jaź­nio­nych i współpracujących,</li>
<li><strong>DRZEWO MARZEŃ </strong>   pro­jekt reali­za­cji cera­micz­nego drzewa w ramach wystawy 365 dni Cecy­lii Malik wraz ze sto­wa­rzy­sze­niem Fami­lia, (gru­dzień 2010),</li>
</ul>
<p><a href="http://www.cuforum.pl/"><strong>www.cuforum.pl</strong></a>   inter­ne­towy por­tal o tema­tyce cera­micz­nej (2010), <strong>sie­dem lat działania</strong></p>

<p>Naj­waż­niej­sze pro­jekty  zre­ali­zo­wane w roku 2010: &nbsp; SKOCZNE   pro­jekt gen­de­rowy, wystawa w gale­rii Mpik  (marzec 2010),  MOJA CERAMIKA I ORIENT  wystawa cera­miki Alek­san­dry Kwo­lek, Biblio­teka Główna Poli­tech­niki Śląskiej (kwie­cień 2010), CERAMICZE KLIMATY MUZYCZNE     impreza zre­ali­zo­wana ze środ­ków mia­sta Gli­wice (maj 2010),trze­cia edy­cja,  PIESZCZANY, TARGI RZEMIOSŁ   pre­zen­ta­cja tech­niki wypału cera­miki RAKU(maj 2010),  NOCART    noc w gale­riach i pra­cow­niach gli­wic­kich arty­stów (maj 2010), trze­cia edycja, CERAMICZNE INSPIRACJE   pro­jekt zakwa­li­fi­ko­wany na listę&#8230;</p>

Naj­waż­niej­sze pro­jekty  zre­ali­zo­wane w roku 2010: &nbsp; SKOCZNE   pro­jekt gen­de­rowy, wystawa w gale­rii Mpik  (marzec 2010),  MOJA CERAMIKA I ORIENT  wystawa cera­miki Alek­san­dry Kwo­lek, Biblio­teka Główna Poli­tech­niki Śląskiej (kwie­cień 2010), CERAMICZE KLIMATY MUZYCZNE     impreza zre­ali­zo­wana ze środ­ków mia­sta Gli­wice (maj 2010),trze­cia edy­cja,  PIESZCZANY, TARGI RZEMIOSŁ   pre­zen­ta­cja tech­niki wypału cera­miki RAKU(maj 2010),  NOCART    noc w gale­riach i pra­cow­niach gli­wic­kich arty­stów (maj 2010), trze­cia edycja, CERAMICZNE INSPIRACJE   pro­jekt zakwa­li­fi­ko­wany na listę...
