{"id":3284,"date":"2022-09-30T07:55:00","date_gmt":"2022-09-30T07:55:00","guid":{"rendered":"http:\/\/s.cuforum.pl\/?page_id=3284"},"modified":"2022-10-24T11:24:41","modified_gmt":"2022-10-24T11:24:41","slug":"kroj-projekt-erasmus-2020-2022","status":"publish","type":"page","link":"https:\/\/s.cuforum.pl\/?page_id=3284","title":{"rendered":"KROJ &#8211; projekt ERASMUS+ 2020 &#8211; 2022"},"content":{"rendered":"\n<figure class=\"wp-block-image size-large\"><img fetchpriority=\"high\" decoding=\"async\" width=\"1024\" height=\"236\" src=\"https:\/\/s.cuforum.pl\/wp-content\/uploads\/2022\/08\/Logo2-1024x236.jpg\" alt=\"\" class=\"wp-image-3257\" srcset=\"https:\/\/s.cuforum.pl\/wp-content\/uploads\/2022\/08\/Logo2-1024x236.jpg 1024w, https:\/\/s.cuforum.pl\/wp-content\/uploads\/2022\/08\/Logo2-300x69.jpg 300w, https:\/\/s.cuforum.pl\/wp-content\/uploads\/2022\/08\/Logo2-768x177.jpg 768w, https:\/\/s.cuforum.pl\/wp-content\/uploads\/2022\/08\/Logo2.jpg 1310w\" sizes=\"(max-width: 1024px) 100vw, 1024px\" \/><\/figure>\n\n\n<style>.wp-block-kadence-advancedheading.kt-adv-heading_f1ca58-0c, .wp-block-kadence-advancedheading.kt-adv-heading_f1ca58-0c[data-kb-block=\"kb-adv-heading_f1ca58-0c\"]{font-style:normal;}.wp-block-kadence-advancedheading.kt-adv-heading_f1ca58-0c mark.kt-highlight, .wp-block-kadence-advancedheading.kt-adv-heading_f1ca58-0c[data-kb-block=\"kb-adv-heading_f1ca58-0c\"] mark.kt-highlight{font-style:normal;color:#f76a0c;-webkit-box-decoration-break:clone;box-decoration-break:clone;padding-top:0px;padding-right:0px;padding-bottom:0px;padding-left:0px;}.wp-block-kadence-advancedheading.kt-adv-heading_f1ca58-0c img.kb-inline-image, .wp-block-kadence-advancedheading.kt-adv-heading_f1ca58-0c[data-kb-block=\"kb-adv-heading_f1ca58-0c\"] img.kb-inline-image{width:150px;vertical-align:baseline;}<\/style>\n<h2 class=\"kt-adv-heading_f1ca58-0c wp-block-kadence-advancedheading\" data-kb-block=\"kb-adv-heading_f1ca58-0c\">Projekt &#8222;Ubi\u00f3r ludowy w aspekcie tradycji, promocji i ochrony dziedzictwa kulturowego&#8221; podkre\u015bla dziedzictwo kulturowe i wsp\u00f3ln\u0105 histori\u0119 narod\u00f3w Europy. Czerpie z wielkiego bogactwa i r\u00f3\u017cnorodno\u015bci naszych tradycji kulturowych, z naciskiem na str\u00f3j ludowy.<\/h2>\n\n\n<style>.wp-block-kadence-advancedheading.kt-adv-heading_82b63c-e3, .wp-block-kadence-advancedheading.kt-adv-heading_82b63c-e3[data-kb-block=\"kb-adv-heading_82b63c-e3\"]{font-style:normal;}.wp-block-kadence-advancedheading.kt-adv-heading_82b63c-e3 mark.kt-highlight, .wp-block-kadence-advancedheading.kt-adv-heading_82b63c-e3[data-kb-block=\"kb-adv-heading_82b63c-e3\"] mark.kt-highlight{font-style:normal;color:#f76a0c;-webkit-box-decoration-break:clone;box-decoration-break:clone;padding-top:0px;padding-right:0px;padding-bottom:0px;padding-left:0px;}.wp-block-kadence-advancedheading.kt-adv-heading_82b63c-e3 img.kb-inline-image, .wp-block-kadence-advancedheading.kt-adv-heading_82b63c-e3[data-kb-block=\"kb-adv-heading_82b63c-e3\"] img.kb-inline-image{width:150px;vertical-align:baseline;}<\/style>\n<h2 class=\"kt-adv-heading_82b63c-e3 wp-block-kadence-advancedheading\" data-kb-block=\"kb-adv-heading_82b63c-e3\">WSP\u00d3\u0141PRACOWALI\u015aMY:<\/h2>\n\n\n\n<ul class=\"wp-block-list\"><li>Tradi\u010dn\u00e9 \u013eudov\u00e9 umeleck\u00e9 remesl\u00e1, Leopoldov &#8211; Koordynator projektu<\/li><li>Spolek U \u010dlov\u011bka, Pra\u017emo, \u010cesk\u00e1 Republika<\/li><li>Etno dom Zuza, Kova\u010dica, Srbsko<\/li><li>\u0160ance pro \u0160anci, \u010cesk\u00fd T\u011b\u0161\u00edn, \u010cesk\u00e1 Republica<\/li><\/ul>\n\n\n<style>.wp-block-kadence-advancedheading.kt-adv-heading_a88259-06, .wp-block-kadence-advancedheading.kt-adv-heading_a88259-06[data-kb-block=\"kb-adv-heading_a88259-06\"]{font-style:normal;}.wp-block-kadence-advancedheading.kt-adv-heading_a88259-06 mark.kt-highlight, .wp-block-kadence-advancedheading.kt-adv-heading_a88259-06[data-kb-block=\"kb-adv-heading_a88259-06\"] mark.kt-highlight{font-style:normal;color:#f76a0c;-webkit-box-decoration-break:clone;box-decoration-break:clone;padding-top:0px;padding-right:0px;padding-bottom:0px;padding-left:0px;}.wp-block-kadence-advancedheading.kt-adv-heading_a88259-06 img.kb-inline-image, .wp-block-kadence-advancedheading.kt-adv-heading_a88259-06[data-kb-block=\"kb-adv-heading_a88259-06\"] img.kb-inline-image{width:150px;vertical-align:baseline;}<\/style>\n<h2 class=\"kt-adv-heading_a88259-06 wp-block-kadence-advancedheading\" data-kb-block=\"kb-adv-heading_a88259-06\">G\u0142\u00f3wne cele projektu:<\/h2>\n\n\n\n<ul class=\"wp-block-list\"><li>Zachowanie i promocja tradycyjnego stroju ludowego poprzez organizacj\u0119 mi\u0119dzynarodowych festiwali i imprez<\/li><li>Zachowanie czysto\u015bci okresowej i regionalnej stroju ludowego<\/li><li>Poszukiwanie nosicieli tradycji ludowych<\/li><li>Uwidocznienie pracy rzemie\u015blnik\u00f3w &#8211; producent\u00f3w odzie\u017cy ludowej i jej element\u00f3w<\/li><li>Tworzenie sieci organizacji stowarzyszonych<\/li><\/ul>\n\n\n\n<figure class=\"wp-block-image size-large is-resized\"><img decoding=\"async\" src=\"https:\/\/s.cuforum.pl\/wp-content\/uploads\/2022\/08\/logosbeneficaireserasmusright_withthesupportof-1024x210.jpg\" alt=\"Erasmus_logo\" class=\"wp-image-3259\" width=\"1148\" height=\"235\" srcset=\"https:\/\/s.cuforum.pl\/wp-content\/uploads\/2022\/08\/logosbeneficaireserasmusright_withthesupportof-1024x210.jpg 1024w, https:\/\/s.cuforum.pl\/wp-content\/uploads\/2022\/08\/logosbeneficaireserasmusright_withthesupportof-300x62.jpg 300w, https:\/\/s.cuforum.pl\/wp-content\/uploads\/2022\/08\/logosbeneficaireserasmusright_withthesupportof-768x158.jpg 768w, https:\/\/s.cuforum.pl\/wp-content\/uploads\/2022\/08\/logosbeneficaireserasmusright_withthesupportof.jpg 1134w\" sizes=\"(max-width: 1148px) 100vw, 1148px\" \/><figcaption>Projekt jest wspierany przez: ??<br>Slovak Academic Association for International Cooperation (SAAIC) &#8211; narodowa agencja programu ERASMUS+ w zakresie edukacji i szkole\u0144.<\/figcaption><\/figure>\n\n\n\n<figure class=\"wp-block-gallery has-nested-images columns-default is-cropped wp-block-gallery-1 is-layout-flex wp-block-gallery-is-layout-flex\">\n<figure class=\"wp-block-image size-large\"><img decoding=\"async\" width=\"1024\" height=\"472\" data-id=\"3285\" src=\"https:\/\/s.cuforum.pl\/wp-content\/uploads\/2022\/09\/IMG_20220730_123911-1024x472.jpeg\" alt=\"\" class=\"wp-image-3285\" srcset=\"https:\/\/s.cuforum.pl\/wp-content\/uploads\/2022\/09\/IMG_20220730_123911-1024x472.jpeg 1024w, https:\/\/s.cuforum.pl\/wp-content\/uploads\/2022\/09\/IMG_20220730_123911-300x138.jpeg 300w, https:\/\/s.cuforum.pl\/wp-content\/uploads\/2022\/09\/IMG_20220730_123911-768x354.jpeg 768w, https:\/\/s.cuforum.pl\/wp-content\/uploads\/2022\/09\/IMG_20220730_123911-1536x708.jpeg 1536w, https:\/\/s.cuforum.pl\/wp-content\/uploads\/2022\/09\/IMG_20220730_123911.jpeg 2000w\" sizes=\"(max-width: 1024px) 100vw, 1024px\" \/><\/figure>\n\n\n\n<figure class=\"wp-block-image size-large\"><img loading=\"lazy\" decoding=\"async\" width=\"1024\" height=\"472\" data-id=\"3286\" src=\"https:\/\/s.cuforum.pl\/wp-content\/uploads\/2022\/09\/IMG_20220730_104958-1024x472.jpeg\" alt=\"\" class=\"wp-image-3286\" srcset=\"https:\/\/s.cuforum.pl\/wp-content\/uploads\/2022\/09\/IMG_20220730_104958-1024x472.jpeg 1024w, https:\/\/s.cuforum.pl\/wp-content\/uploads\/2022\/09\/IMG_20220730_104958-300x138.jpeg 300w, https:\/\/s.cuforum.pl\/wp-content\/uploads\/2022\/09\/IMG_20220730_104958-768x354.jpeg 768w, https:\/\/s.cuforum.pl\/wp-content\/uploads\/2022\/09\/IMG_20220730_104958-1536x708.jpeg 1536w, https:\/\/s.cuforum.pl\/wp-content\/uploads\/2022\/09\/IMG_20220730_104958.jpeg 2000w\" sizes=\"(max-width: 1024px) 100vw, 1024px\" \/><\/figure>\n\n\n\n<figure class=\"wp-block-image size-large\"><img loading=\"lazy\" decoding=\"async\" width=\"1024\" height=\"472\" data-id=\"3287\" src=\"https:\/\/s.cuforum.pl\/wp-content\/uploads\/2022\/09\/IMG_20210814_152835-1024x472.jpeg\" alt=\"\" class=\"wp-image-3287\" srcset=\"https:\/\/s.cuforum.pl\/wp-content\/uploads\/2022\/09\/IMG_20210814_152835-1024x472.jpeg 1024w, https:\/\/s.cuforum.pl\/wp-content\/uploads\/2022\/09\/IMG_20210814_152835-300x138.jpeg 300w, https:\/\/s.cuforum.pl\/wp-content\/uploads\/2022\/09\/IMG_20210814_152835-768x354.jpeg 768w, https:\/\/s.cuforum.pl\/wp-content\/uploads\/2022\/09\/IMG_20210814_152835-1536x708.jpeg 1536w, https:\/\/s.cuforum.pl\/wp-content\/uploads\/2022\/09\/IMG_20210814_152835.jpeg 2000w\" sizes=\"(max-width: 1024px) 100vw, 1024px\" \/><\/figure>\n\n\n\n<figure class=\"wp-block-image size-large\"><img loading=\"lazy\" decoding=\"async\" width=\"1024\" height=\"682\" data-id=\"3288\" src=\"https:\/\/s.cuforum.pl\/wp-content\/uploads\/2022\/09\/IMG_3990-1024x682.jpeg\" alt=\"\" class=\"wp-image-3288\" srcset=\"https:\/\/s.cuforum.pl\/wp-content\/uploads\/2022\/09\/IMG_3990-1024x682.jpeg 1024w, https:\/\/s.cuforum.pl\/wp-content\/uploads\/2022\/09\/IMG_3990-300x200.jpeg 300w, https:\/\/s.cuforum.pl\/wp-content\/uploads\/2022\/09\/IMG_3990-768x512.jpeg 768w, https:\/\/s.cuforum.pl\/wp-content\/uploads\/2022\/09\/IMG_3990-1536x1024.jpeg 1536w, https:\/\/s.cuforum.pl\/wp-content\/uploads\/2022\/09\/IMG_3990.jpeg 2000w\" sizes=\"(max-width: 1024px) 100vw, 1024px\" \/><\/figure>\n<\/figure>\n\n\n\n<p class=\"has-larger-font-size\">Data rozpocz\u0119cia projektu: 1.9.2020 r.<br>Data zako\u0144czenia projektu: 31.8.2022 r.<\/p>\n\n\n\n<figure class=\"wp-block-video\"><video height=\"540\" style=\"aspect-ratio: 960 \/ 540;\" width=\"960\" controls poster=\"https:\/\/s.cuforum.pl\/wp-content\/uploads\/2022\/10\/IMG_20210814_174205.jpeg\" src=\"https:\/\/s.cuforum.pl\/wp-content\/uploads\/2022\/08\/KROJ.mp4\"><\/video><figcaption>Raport video projektu KROJ &#8211; ERASMUS+ . Dzi\u0119kujemy Wszystkim uczestnikom, to dla nas zaszczyt z Wami wsp\u00f3lnie pracowa\u0107. <a href=\"https:\/\/drive.google.com\/file\/d\/1wQPp_hn9l1upiO-huzk9Nlq9CJGjxXro\/view?usp=sharing\"><strong><mark style=\"background-color:#EDF2F7\" class=\"has-inline-color\">WERSJA HD<\/mark><\/strong><\/a><\/figcaption><\/figure>\n","protected":false},"excerpt":{"rendered":"<p>Projekt &#8222;Ubi\u00f3r ludowy w aspekcie tradycji, promocji i ochrony dziedzictwa kulturowego&#8221; podkre\u015bla dziedzictwo kulturowe i wsp\u00f3ln\u0105 histori\u0119 narod\u00f3w Europy. Czerpie z wielkiego bogactwa i r\u00f3\u017cnorodno\u015bci naszych tradycji kulturowych, z naciskiem na str\u00f3j ludowy. WSP\u00d3\u0141PRACOWALI\u015aMY: Tradi\u010dn\u00e9 \u013eudov\u00e9 umeleck\u00e9 remesl\u00e1, Leopoldov &#8211; Koordynator projektu Spolek U \u010dlov\u011bka, Pra\u017emo, \u010cesk\u00e1 Republika Etno dom Zuza, Kova\u010dica, Srbsko \u0160ance pro&#8230;<\/p>\n","protected":false},"author":1,"featured_media":0,"parent":0,"menu_order":0,"comment_status":"closed","ping_status":"closed","template":"","meta":{"_uag_custom_page_level_css":"","_kadence_starter_templates_imported_post":false,"_kad_post_transparent":"","_kad_post_title":"","_kad_post_layout":"normal","_kad_post_sidebar_id":"","_kad_post_content_style":"default","_kad_post_vertical_padding":"","_kad_post_feature":"","_kad_post_feature_position":"","_kad_post_header":false,"_kad_post_footer":false,"_kad_post_classname":"","footnotes":""},"class_list":["post-3284","page","type-page","status-publish","hentry"],"uagb_featured_image_src":{"full":false,"thumbnail":false,"medium":false,"medium_large":false,"large":false,"1536x1536":false,"2048x2048":false},"uagb_author_info":{"display_name":"zkm","author_link":"https:\/\/s.cuforum.pl\/?author=1"},"uagb_comment_info":0,"uagb_excerpt":"Projekt &#8222;Ubi\u00f3r ludowy w aspekcie tradycji, promocji i ochrony dziedzictwa kulturowego&#8221; podkre\u015bla dziedzictwo kulturowe i wsp\u00f3ln\u0105 histori\u0119 narod\u00f3w Europy. Czerpie z wielkiego bogactwa i r\u00f3\u017cnorodno\u015bci naszych tradycji kulturowych, z naciskiem na str\u00f3j ludowy. WSP\u00d3\u0141PRACOWALI\u015aMY: Tradi\u010dn\u00e9 \u013eudov\u00e9 umeleck\u00e9 remesl\u00e1, Leopoldov &#8211; Koordynator projektu Spolek U \u010dlov\u011bka, Pra\u017emo, \u010cesk\u00e1 Republika Etno dom Zuza, Kova\u010dica, Srbsko \u0160ance pro...","_links":{"self":[{"href":"https:\/\/s.cuforum.pl\/index.php?rest_route=\/wp\/v2\/pages\/3284","targetHints":{"allow":["GET"]}}],"collection":[{"href":"https:\/\/s.cuforum.pl\/index.php?rest_route=\/wp\/v2\/pages"}],"about":[{"href":"https:\/\/s.cuforum.pl\/index.php?rest_route=\/wp\/v2\/types\/page"}],"author":[{"embeddable":true,"href":"https:\/\/s.cuforum.pl\/index.php?rest_route=\/wp\/v2\/users\/1"}],"replies":[{"embeddable":true,"href":"https:\/\/s.cuforum.pl\/index.php?rest_route=%2Fwp%2Fv2%2Fcomments&post=3284"}],"version-history":[{"count":4,"href":"https:\/\/s.cuforum.pl\/index.php?rest_route=\/wp\/v2\/pages\/3284\/revisions"}],"predecessor-version":[{"id":3302,"href":"https:\/\/s.cuforum.pl\/index.php?rest_route=\/wp\/v2\/pages\/3284\/revisions\/3302"}],"wp:attachment":[{"href":"https:\/\/s.cuforum.pl\/index.php?rest_route=%2Fwp%2Fv2%2Fmedia&parent=3284"}],"curies":[{"name":"wp","href":"https:\/\/api.w.org\/{rel}","templated":true}]}}